47 + 3)?
60
(3234 - 3185) + (1 - -19)
69
What is the value of -17 + 0 + (-17 - (8 - 17))?
-25
What is 59 + -149 + 111 + -55?
-34
Calculate (0 - 11) + -1390 + 1366.
-35
(-30 - (-79 - -34)) + (-89 - -5)
-69
What is the value of 38 + -76 + -33 + 3 + 12 + -1 + -4?
-61
What is -28 + -69 + 12 + 107?
22
Calculate (-45 - 0) + (-146 - (-62 - 63)).
-66
What is -33 + 10 - (-30 - -7)?
0
Calculate -66 + (103 - 72) - 31.
-66
Calculate (-48 - 17) + 38 + -1 + 91.
63
52 - 18 - (7 + 63)
-36
What is (25 - 9) + 9 + (-71 - -35)?
-11
Calculate -64 + 12 + (-26 + 31 - 3).
-50
What is -22 + -78 - -55 - -28?
-17
What is the value of (68 - 42) + -131 + 99?
-6
Evaluate (-127 - 35) + 194 + (98 - 0).
130
Calculate (-54 - -32) + -22 + -6.
-50
Calculate -28 - (7 + 66 + -140).
39
What is (-18 - ((7 - 9) + -1)) + 5 - (-590 + 590)?
-10
Calculate 55 - (26 + 16) - 66.
-53
-76 + 12 + (-22 + 0 - -27)
-59
Evaluate (-1 - (-11 - -8) - 9 - 7) + 34 + -26.
-6
What is 16 - 0 - (-71 - 29 - -78)?
38
What is -18 - -43 - 30 - (0 + -10) - 9 - -14?
10
What is -10 + -11 + 14 + -18 + 15?
-10
Evaluate 83 - (-54 + 141) - (-5 + 7 - -2 - 156).
148
Evaluate (2 - -19) + (-1 - 51 - -18).
-13
-4 - 1 - (18 + -32 + -37 + 44)
2
-106 - (1 + (-4 - (-11 - (-15 - (-5 - 11)))))
-115
What is the value of -82 + 122 + (44 - 91)?
-7
(781 - 788) + 1 + (67 - 3)
58
What is 1899 + -1859 - (4 - -77)?
-41
What is (143 + -17 - 87) + -112?
-73
What is 273 + -271 - (25 + (4 + -2 - 3))?
-22
(-6 - (50 - 98)) + -87
-45
Calculate 25 - (-9 + 21 - (-23 + -3)).
-13
-25 - (-42 + -22 - -78)
-39
What is the value of (167 - (100 - -24)) + (-109 - 2)?
-68
Calculate (33 - (4 + 18 + -5)) + 31 + -12.
35
Evaluate (-2 + -62 - -62) + (14 - 14) + (-61 - 1).
-64
-67 + 104 - (34 - -8)
-5
Calculate -18 - (2 - (2 - -6)) - -5.
-7
What is 7 - (-9 + 24 + (0 - (8 + 11 + -9)))?
2
What is the value of 1 + (-42 - -95) + -90 + (15 - 1)?
-22
What is the value of 194 + -124 + 39 - 78?
31
(55 - 2) + (984 - 1002)
35
Calculate -14 + 2 + 8 + 10 + (-25 - -14) + -72.
-77
What is (-3 - 8) + -3 - (216 + -67 - 81)?
-82
Evaluate 7 + 7 + -4 - (-9 - -5 - -11) - 147.
-144
Calculate -1 + 24 - (18 + 32 - 60).
33
Calculate 65 - (25 + -56 + 157).
-61
What is 12 + 209 + -272 + 1 + 33?
-17
What is -360 + 346 - (-1 + 130) - -21?
-122
What is -2 + -1 + 18 + -2095 + 2086?
6
Calculate (97 - (131 + 8)) + (7 - 6 - (-7 - -1)).
-35
Calculate (-1 - -16) + (10 - (-35 - -35)) + -38.
-13
What is the value of -90 + 34 + -16 + 26 + (-1 - 6)?
-53
What is 0 - (7 - 16 - 9 - ((6 - -3) + 0))?
27
What is 14 + (0 - 31 - (191 + -200)) + 14?
6
Evaluate 146 - 159 - (4 + -2 + -20).
5
Evaluate -21 + -71 + 76 + (1 + -8 - -4 - 2).
-21
-24 - (45 - 62 - 29)
22
What is (82 - (56 + 73)) + 26?
-21
Evaluate 19 - (-5 - -5) - (60 + (1 - 13)).
-29
What is -12 - (22 - (13 + (-10 - (3 - 14))))?
-20
5 + 1 + 36 + (18 - 58) + (42 - -39)
83
What is the value of (44 - -42) + 5 + (-2 - -5) + -11 - 15?
68
What is -23 + (-35 - -75 - 53)?
-36
Evaluate (10 - 28 - -27) + -19 + (-2 - (0 + 4)).
-16
What is the value of -11458 - -11447 - ((-1 - -1) + 16)?
-27
What is the value of -31 + 37 + (21 + 8 - (-15 + 11)) - -14?
53
Evaluate 16 + -2 + 1 - (12651 + -12706).
70
What is (31 + 11 - 3) + (-13 - (1 - 3))?
28
What is the value of 19 + (-39 - (-50 - -54))?
-24
Evaluate -20 + (-32 - (22 - 74)).
0
What is (30 - (12 + 6)) + -3 - (2 + (0 - -32))?
-25
What is the value of -91 - (-72 - (83 + -160))?
-96
(-34 - -112) + (-39 - -9)
48
What is -44 + 35 + (-9 - -32) - -28?
42
Calculate (1 + 3 - 40) + (2053 - 2083).
-66
What is -6 - ((-1 - -13) + (-72 - -45))?
9
What is 10 + 2 + -4 - (3658 + -3700)?
50
Evaluate 0 - -75 - ((-5 - 20) + 19 - -8).
73
(-164 + 166 - (-1 + 4)) + 39
38
Calculate (74 - (-20 - -23)) + (16 - -6).
93
What is the value of -110 - (-21 + -41) - (-19 - (-2 + 5))?
-26
Calculate -6 + 3 + (12 - 0) + (-62 - (-170 - 8)).
125
Evaluate (-22 - 3) + -80 + 143.
38
(0 - 19) + (-56 - (-67 + 15))
-23
Calculate (1 - (-1 - 1) - 7) + (419 - 379).
36
Evaluate -71 + (36 - -39) - (11 - 1) - (12 + -4).
-14
-39 + 50 - (15 - 1 - (-8 + 12)) - -15
16
What is the value of 9 - (6 - 6) - (-39 - (0 + 1 + 2))?
51
What is the value of (-43 + 22 - -79) + -5 + -6?
47
Calculate 52 - (21 - (-20 - -68 - 32)).
47
What is the value of (-12 - -23) + -25 + (36 - 67)?
-45
Calculate 42 - (-19 - -43) - (3 - -6).
9
23 + -65 + 125 + -61
22
-9 + 18 + -12 + 52 + (-3 - -3)
49
What is the value of 371 - 350 - ((-7 - 9) + 8 - 14)?
43
Evaluate -1271 + 1258 - (-63 + -1).
51
What is 43 - (-71 + 118) - -7?
3
Evaluate -16 - (-73 - -11) - (-134 - -277).
-97
What is (-2 - 15) + (1 - (110 + 47 + -35))?
-138
What is the value of -11 + (-23 - (13 + (-9 - (-3 + 6))))?
-35
What is 30 - 21 - -1 - 50?
-40
0 + -3 + 4 - (-419 - -424)
-4
Calculate (-27 - 0) + (216 - -17 - 164).
42
Evaluate -38 + (-41 - -47 - ((34 - 44) + (5 - -1))).
-28
What is the value of (0 - 0) + 30 - (-3016 + 3009) - (0 + -7)?
44
-9 + 35 + (28 - 42)
12
What is the value of -92 - -105 - (4 - (-3 - 0) - (99 + -8))?
97
(-23 - (-60 - (-12 - 8))) + -15
2
Calculate -1316 - -1412 - (4 - -22).
70
-4 + 40 + -31 + -89 - -16
-68
Evaluate -755 - -762 - (-49 - 1).
57
What is (3 - -1) + -29 + 48 + 2?
25
What is the value of -52 + 3 + 4 + 6 + -50 + 40?
-49
What is the value of (1 - 72) + (-1797 - -1783)?
-85
23 + (2 - -19 - 34) + -2 + -104
-96
Evaluate -1 + -25 + (-47 - -78) + -47.
-42
4 - (-7 - -1) - (14 + 17)
-21
What is the value of -52 - ((-74 - -25) + 34)?
-37
Evaluate -24 - (-55 + 95) - 3.
-67
What is (-31 - (1 + 0)) + (646 - 680)?
-66
What is -26 + (18 - (38 + (-11 - -2)))?
-37
What is the value of 1 - (26 - 0 - (18 - -24 - 28))?
-11
-1 + -28 - (157 - (264 - 101))
-23
Calculate -3 + 36 + (1477 - 1464).
46
Calculate (119 - 111 - 75) + 17.
-50
Calculate -46 + 2 + (515 - 477).
-6
What is the value of 1 + (20 - 10) + (-2 - 2) + 10?
17
Evaluate (345 - 300) + 6 + -36.
15
What is (29 + 10 - -36) + -20?
55
0 - -1 - ((32 + (-4 - 13) - 72) + -3)
61
What is -3 + (-16 - -20) + (2 - -2 - (2 + -1))?
4
What is 12 + -5 + -1 + (7 - 12) + 13?
14
(-13 + (-53 - -92) - 38) + 0 + -30
-42
Calculate 9 - (-48 + -56 - -57).
56
What is -55 + 181 + (-8 - -13)?
131
-1 + -2 - -21 - (-52 - -100 - 28)
-2
What is the value of (-36 - 6) + (39 - 30 - (3 - 7))?
-29
Calculate 1 + 5 + 303 + -345 - -122.
86
What is the value of -9 - -1 - ((20 - -2 - 16) + -1)?
-13
What is (1 - -2) + 11 + (186 - 287) - -6?
-81
Evaluate 8 - -37 - (242 - 197).
0
What is 2 - (-64 + -34 + (50 - 34))?
84
Calculate -15 - ((97 - (12 + -5)) + (27 - (-6 - -26))).
-112
Calculate 850 + -819 + (-2 - 71).
-42
Calculate -21 - -27 - (-47 - (16 + -17)).
52
What is the value of -3 + 4 + -8 + (23 - 34) - 20?
-38
What is the value of (43 - -18 - 49) + 0 + -9 - 89?
-86
What is -13065 + 12962 - (-90 + 1)?
-14
What is 83 - (5 + -3 - (17 + (-22 + -1 - -13)))?
88
3 + -117 + 1 - ((5 - 6 - -38) + -22)
-128
Evaluate -58 + -40 + 66 + -24.
-56
Evaluate 24 - (-12 + 23) - (70 - (-8 - -4)).
-61
Evaluate 0 + -27 + -19 + 17.
-29
What is the value of -1636 + 1620 - ((82 - -2) + (-1 - 2))?
-97
Calculate 64 + 0 + (16 - 13 - (4 + -15)).
78
What is 63 + (-4 - (1 - (28 + -14))) + -20?
52
Calculate -90 + -8 + 11 - (13 - 41).
-59
What is -13 + 2 + (17 - (-10 + 39)) + -6?
-29
What is 40 - (14 + (9 - (-9 - -11) - 36))?
55
What is -5 + (0 - 2 - -11) + 7 + -5 + -92?
-86
Calculate -8 + (2 + -9 - (38 - 53 - 2)).
2
Evaluate (4 + -7 + 1 - (26 + -61)) + 5.
38
What is 472 - 465 - (7 + 1 + -72)?
71
(4 - -2) + (20 + -24 - 19) + 26
9
Calculate 64 - (211 + -137 - -52).
-62
Calculate (-24 - -78) + (-297 - -236).
-7
What is -2 + 32 + -12 + -2 + -14 + (-1 - 7)?
-6
What is 8 + (12 + 13 + -13 + -122 - 7)?
-109
What is the value of 17 + 16 + -55 - 42 - 2?
-66
What is the value of -20 - 21 - 4 - (-56 - 2)?
13
What is the value of -4 - -93 - (-18 + -41 - -56)?
92
Evaluate 0 + (-1 - -12) - (358 + -201 - 113).
-33
What is -1 + 1 + (3 - 47) + (-84 - (-6 - 85))?
-37
What is (3 - (78 - 19)) + (0 + -7 - (-15 + 16))?
-64
What is the value of (-15 - -6) + 37 + (-8 - -2) + 7?
29
Calculate -6 + 14 + (9 - 7) - (-53 + 22 - -24).
17
15 + (8 - (-1 + (6 - 16))) + (3 - -4)
41
What is -36 - (-4 + -14 - -1) - -32?
13
Evaluate -49 + (2 + 31 - 48).
-64
Evaluate 2 + -82 + (1595 - 1424).
91
Evaluate -5 - 1 - ((-328 - -321) + (-6 - 1)) - -29.
37
What is 40 - 8 